pose 0 = -2*p + o*p - 15. Let g = 6 + p. What is the greatest common divisor of 55 and g?
11
Suppose -5*p + 29 = 2*k - 0*p, -3*p - 57 = -5*k. What is the highest common factor of k and 2?
2
Suppose 2*b - 603 = -b. Let h be (-3)/15 + b/5. What is the greatest common factor of h and 10?
10
Let b(n) be the first derivative of -8*n**2 - 7*n + 4. Let m be b(-8). Calculate the highest common factor of m and 11.
11
Let o(p) = -p**3 + 8*p**2 + 10*p + 2. Let m be o(7). Calculate the greatest common divisor of 11 and m.
11
Suppose -w - 24 = -4*w. Suppose 5*j - 275 = -5*b, 0 = 3*j - 23 + w. Let q(m) = -m + 10. Let g be q(0). Calculate the highest common divisor of g and b.
10
Let x(o) = -o**2 - 4*o + 4. Let a be x(-4). Let n = a - 2. Calculate the greatest common factor of 8 and n.
2
Let f be (108*-1*1)/(-1). Suppose 6*l - p = 4*l + 19, 0 = -3*l + 3*p + 21. Calculate the greatest common divisor of f and l.
12
Let q(j) = 8*j**2 + 2*j + 1. Let s be q(-1). Let k(c) = 12*c. Let r be k(s). Let o be (-7)/2*-2*2. Calculate the highest common factor of o and r.
14
Let k be (1 - 4)*(-34)/(-6). Let b be -2*(2 + k/2). Let p be 27/(-36) - 107/(-4). What is the greatest common divisor of p and b?
13
Let q = 49 + -33. Calculate the greatest common divisor of q and 176.
16
Let p be (1 + -163)*2/(-4). Calculate the greatest common factor of 9 and p.
9
Let j = -20 - -18. Let k = 2 - -2. Let v = k - j. Calculate the highest common divisor of 2 and v.
2
Let p = 1 + 1. Suppose j - 55 = -2*m, j - p*m = -0*j + 55. What is the highest common factor of j and 5?
5
Suppose 3*m + 4 = 4*m. What is the greatest common divisor of 28 and m?
4
Suppose 0 = 4*t - 2*q - 362, -3*t - 2*q - 3*q + 239 = 0. Let c be (2 - 2) + 3 - -5. Calculate the highest common divisor of t and c.
8
Let w = -9 - -21. What is the greatest common factor of w and 48?
12
Let z = -17 + 28. Let x be ((-8)/10)/((-18)/(-135)). Let b(y) = y**3 + 5*y**2 - 9*y + 4. Let m be b(x). Calculate the highest common divisor of z and m.
11
Let a be (42/35)/(2/115). What is the greatest common divisor of 46 and a?
23
Suppose 2*w = -3*z - 3*w + 22, -2*z - 3*w = -15. Suppose 2*o - 41 = -r, r + o - 3*o = 49. What is the greatest common factor of z and r?
9
Suppose -2*j - 15 = -3*j + 5*d, 3*j + 5*d = 65. Suppose 0 - j = 4*k. Let p be 9 + (k + 3 - 1). Calculate the highest common factor of 42 and p.
6
Suppose 0 = -z - 5*k - 15, 4*z = 5*k + 7 + 58. Calculate the highest common factor of z and 40.
10
Suppose 3*s + 3*k - 72 = 0, 3*s - 4*k = 19 + 39. Suppose 2*v = 5*v - 9. Let f be -33*v/(27/(-15)). Calculate the greatest common factor of s and f.
11
Let a(d) = 4*d**2 - 3*d - 7. Let q be (2 - -4) + (3 - 4). Suppose -q = -f - 0*f. Let u be a(f). What is the greatest common divisor of 13 and u?
13
Let z = 124 - 48. Calculate the greatest common factor of z and 114.
38
Let m = -23 + 39. Let n = 16 + -8. What is the highest common divisor of n and m?
8
Let v(w) = 3*w - 29. Let y be v(14). Calculate the highest common factor of y and 39.
13
Let r(w) = -w**2 - 12*w - 2. Let d be r(-8). Calculate the greatest common factor of 45 and d.
15
Let w(o) = o**3 - 5*o**2 + o + 1. Let a be w(5). Let g be 5/(-1 - 16/(-12)). What is the highest common factor of a and g?
3
Suppose 3*y - 1 = 14. Suppose x = -2*v + 15, 5*x - 62 = -2*v + y*v. Calculate the highest common factor of 26 and x.
13
Suppose 0 = 5*b - 0*b - 25. Suppose -5*a + 40 = -4*a - 4*r, -5*a - b*r = -75. Let c be 46 + 2 - (-2)/1. Calculate the greatest common divisor of a and c.
10
Let n = -42 + 119. Let w = n + 4. Calculate the highest common factor of w and 9.
9
Let i(q) = 2*q**2 - q - 4. Let z be i(4). Suppose 3*m - z = -m. Let t(p) = 2*p**2 + 2*p - 3. Let s be t(-3). Calculate the highest common factor of m and s.
3
Let c(l) = -l**3 + 7*l**2 - 5*l - 1. Let n = 19 + -14. Let p be c(n). What is the greatest common factor of 3 and p?
3
Suppose 0 = -z - 2*x + 2, 4*x - 12 = z - 2. Let j be z/8 + (-363)/(-44). What is the highest common divisor of 40 and j?
8
Let k(h) be the second derivative of -h**4/12 - h**3/3 + 32*h**2 - 5*h. Let u be k(0). What is the highest common factor of 16 and u?
16
Suppose -p = -37 + 102. Let m = 124 - p. Calculate the highest common divisor of m and 27.
27
Let p be (-27)/18*(-4)/3. Suppose -4 = p*y - 3*y. Calculate the highest common factor of y and 4.
4
Let a be (-3)/2*8/3. Let t be 10/8*16/a. Let o = 4 - t. Calculate the highest common factor of o and 99.
9
Suppose -570 = 4*v - 9*v. Suppose -2*k + 3*n + 79 = 0, 4*n + v - 30 = 2*k. Let i be 60/(2 + 5/(-4)). What is the greatest common divisor of k and i?
16
Let z be 9/3 + -3 - -15. What is the highest common factor of 3 and z?
3
Let m(c) = c**3 - 5*c**2 + 5*c - 4. Let d be m(4). Let l = d + 1. Let z be 29*l - (-3)/3. Calculate the highest common factor of z and 10.
10
Suppose i - 19 = 3*r, 3*i + 2*r = 27 + 8. Calculate the highest common divisor of 104 and i.
13
Let k be ((-12)/(-20))/((-1)/(-5)). Let r be 8 - (-1)/(k/(-9)). What is the highest common factor of r and 40?
5
Suppose 7*w - 2*w = 50. What is the highest common divisor of 35 and w?
5
Let r be 3/(-5 - -3 - -3). Suppose r*t = 4*t - 115. Suppose -2*a + 3*h = -75, 3*a + 0*a = 4*h + t. Calculate the highest common factor of 9 and a.
9
Suppose 0 = 4*c + 20, -2*k = -5*c + 3*c - 16. What is the highest common divisor of k and 12?
3
Let w(n) = 2*n - 2. Let c be w(5). Let v(u) = 5*u - 2. Let h be v(4). Suppose 2*t - c = h. What is the highest common factor of t and 143?
13
Let i be 45 + (-1 + 5 - -1). Let w be 2/(-6) + 31/3. Calculate the highest common factor of w and i.
10
Let k be (-3 + -1)/((-6)/3). Let z(i) = 0*i + 2*i + 6*i**k - 5*i**2 - 4. Let f be z(-4). What is the highest common factor of f and 10?
2
Let t(p) = 10*p + 5. Let i be t(5). Suppose -n = -2*n + 5. What is the greatest common factor of n and i?
5
Let k be 4/(-26) - 524/(-26). Suppose -u - u = -k. What is the highest common factor of u and 90?
10
Suppose 4*f + 2*r + 35 = -29, 2*r = 5*f + 80. Let i = 14 - f. Let j = i + 22. What is the greatest common divisor of j and 13?
13
Suppose 3*i - 5*i + 96 = 0. Let u(l) = 18*l - 4. Let g be u(2). Calculate the highest common divisor of i and g.
16
Suppose -a + 2*a = 0. Suppose a = 2*j - 171 - 3. Let s = -15 + j. What is the highest common divisor of s and 18?
18
Suppose 0*h - 4*h = -44. What is the greatest common divisor of h and 55?
11
Let w(a) = -a**2 - 7*a + 11. Let g be w(-8). Let s be 28/21 + 11/g. What is the greatest common divisor of 15 and s?
5
Suppose -3*y + a = -0*y - 432, -4*a - 441 = -3*y. Suppose -2*k + i + 14 = -3*i, -3*i = -5*k + 56. Calculate the highest common factor of y and k.
13
Let k(s) = -s**2 - 9*s - 2. Let w be (2 + 2)*(-1 + -1). Let p be k(w). What is the greatest common divisor of p and 4?
2
Let g be (24/14)/(6/21). Calculate the highest common factor of 15 and g.
3
Let z be 1*3 - 10/2. Let j be -1*(z + 1 - -1). Let r be (j - (-21)/(-6))*-24. What is the highest common factor of r and 12?
12
Suppose 3*o = -0*r - r + 15, 5*o = 3*r - 31. Suppose -28*y + 26*y + 96 = 0. What is the greatest common factor of y and r?
12
Suppose 4*r = -k + 445, -r + 2*k - 6*k + 130 = 0. Let y(t) = t**3 - 5*t**2 + 2*t. Let j be y(5). Calculate the greatest common factor of j and r.
10
Let j = 14 - -12. What is the highest common divisor of j and 234?
26
Suppose 0 = h - 6. Suppose 4*s - 123 = -3*u, -4*u + h*u = -4*s + 78. Let a be (-92)/(-3) + 4/(-6). What is the highest common factor of u and a?
15
Suppose -90 = -5*h - 2*n, -4*h + n + 44 = -28. What is the highest common divisor of 12 and h?
6
Let h = 161 + -44. Let f(z) = -z**2 + 8*z + 6. Let m be f(7). What is the highest common divisor of m and h?
13
Let m(o) = -o**2 - 23*o - 12. Let d be m(-7). Calculate the greatest common divisor of 20 and d.
20
Let l(k) = -k**2 + 4*k + 9. Let c be l(4). Let z = -228 + 94. Let q = -53 - z. Calculate the greatest common divisor of q and c.
9
Let w = -151 + 161. Calculate the greatest common factor of w and 50.
10
Let l be 122 - (-4)/(-4 + 2). Suppose 4*o - b - 2*b - 57 = 0, 2*b = 2*o - 30. Suppose c - 3 = o. Calculate the highest common factor of l and c.
15
Suppose 178*l = 181*l - 99. Calculate the greatest common factor of l and 264.
33
Suppose -c + 2*q + 